Is 54 a factor of 41675137?
False
Is 1106 a factor of 34404652?
False
Is 68131 a multiple of 12?
False
Does 17 divide 352145336?
False
Is 1523 a factor of 562398019?
False
Is 58416691 a multiple of 1488?
False
Is 9 a factor of 118414807?
False
Is 1698869871 a multiple of 3897?
True
Is 11705 a factor of 7924308410?
True
Is 1158948 a multiple of 378?
True
Does 4 divide 47350851?
False
Does 593 divide 19120692?
True
Is 40166722 a multiple of 16?
False
Is 169583475 a multiple of 75?
True
Is 2034371064 a multiple of 5522?
True
Does 89 divide 35782745?
False
Does 176 divide 9705696?
True
Is 4811842 a multiple of 83?
True
Is 135385739 a multiple of 3?
False
Does 5 divide 489088922?
False
Does 227 divide 49762178?
False
Is 412845308 a multiple of 15?
False
Does 57 divide 22728207?
False
Is 53 a factor of 173876358?
True
Is 832 a factor of 2213083614?
False
Is 64 a factor of 224998178?
False
Is 262 a factor of 1459602?
True
Is 81242486 a multiple of 2369?
True
Does 78 divide 28550895?
False
Is 106360878 a multiple of 299?
True
Is 974 a factor of 139799194?
True
Is 32 a factor of 98897359?
False
Is 71 a factor of 3031817?
False
Does 828 divide 71092080?
True
Does 494 divide 4264642119?
False
Is 1379915 a multiple of 37?
True
Is 44495748 a multiple of 132?
True
Does 24 divide 2320033098?
False
Does 11 divide 560456416?
False
Does 66 divide 27517760?
False
Is 9 a factor of 40078?
False
Does 109 divide 1407597?
False
Is 236 a factor of 139826759?
False
Does 392 divide 319462665?
False
Is 9 a factor of 20376252?
True
Does 547 divide 1369688?
True
Does 75 divide 1303214398?
False
Is 1465 a factor of 60104555?
True
Is 1367035098 a multiple of 429?
True
Is 156497563 a multiple of 622?
False
Is 149 a factor of 500538256?
False
Does 16 divide 27690288?
True
Is 4106 a factor of 9493072?
True
Does 9 divide 178048?
False
Is 271644259 a multiple of 16?
False
Does 28 divide 686484736?
True
Is 9 a factor of 311464944?
True
Does 102 divide 8534239326?
True
Does 684 divide 10636200?
True
Does 1846 divide 75476548?
False
Is 4 a factor of 1279972?
True
Is 2755 a factor of 4217905?
True
Does 102 divide 820576013?
False
Is 134 a factor of 204028266?
True
Is 498 a factor of 49032084?
True
Is 16049972 a multiple of 68?
True
Does 21 divide 3066736?
False
Is 17 a factor of 1773099?
False
Does 1518 divide 1054864848?
False
Is 117028144 a multiple of 65?
False
Is 778196795 a multiple of 5?
True
Does 829 divide 182301245?
True
Is 2609538737 a multiple of 16?
False
Does 41 divide 21727199?
False
Is 3554013 a multiple of 14?
False
Does 62 divide 972148964?
True
Is 21896390 a multiple of 540?
False
Does 278 divide 509781666?
True
Does 20 divide 340270140?
True
Is 34001904 a multiple of 204?
True
Does 31 divide 3958452?
True
Is 609 a factor of 1408880088?
True
Is 790 a factor of 92823420?
True
Is 160969816 a multiple of 14?
True
Does 1102 divide 201823008?
False
Does 5 divide 1231261684?
False
Is 44 a factor of 1805733891?
False
Does 7 divide 34437718?
True
Is 278033698 a multiple of 8?
False
Is 4975584 a multiple of 1185?
False
Is 51795198 a multiple of 49?
False
Is 14 a factor of 150929646?
True
Does 14 divide 69416564?
True
Does 1588 divide 109362384?
True
Is 1927027927 a multiple of 24?
False
Is 1131453633 a multiple of 971?
False
Is 1810659845 a multiple of 10?
False
Does 145 divide 191800538?
False
Is 180 a factor of 319120918?
False
Is 114983568 a multiple of 222?
True
Does 7 divide 15790795?
False
Does 387 divide 359881764?
False
Does 120 divide 484610640?
True
Does 7 divide 13118261?
False
Is 21887287 a multiple of 19?
False
Is 439 a factor of 40813637?
False
Does 433 divide 351541442?
True
Does 276 divide 2004975504?
True
Is 63637230 a multiple of 106?
False
Does 1171 divide 54520037?
False
Is 150966780 a multiple of 30?
True
Does 54 divide 69001470?
True
Is 28280133 a multiple of 161?
True
Is 19 a factor of 466887?
True
Is 205 a factor of 39875263?
False
Is 9 a factor of 41934096?
True
Is 92 a factor of 274319934?
False
Does 7814 divide 614031934?
True
Is 180042070 a multiple of 205?
True
Is 2531807941 a multiple of 59?
True
Does 2661 divide 316544577?
True
Is 89 a factor of 137301864?
False
Is 47 a factor of 75174683?
False
Is 1460654848 a multiple of 4238?
False
Is 389466000 a multiple of 144?
True
Does 86 divide 83641959?
False
Is 33 a factor of 1669220058?
True
Is 1407986939 a multiple of 8923?
True
Does 4 divide 17177356?
True
Is 9 a factor of 1148494815?
True
Does 10 divide 192292457?
False
Is 866 a factor of 762456710?
True
Is 3279 a factor of 479855418?
True
Does 141 divide 2402431320?
True
Does 172 divide 817014964?
True
Is 15481336 a multiple of 26?
True
Is 87 a factor of 65019885?
True
Does 12 divide 10010160?
True
Is 69304594 a multiple of 4?
False
Is 103166697 a multiple of 30?
False
Is 23 a factor of 599843480?
False
Is 145728850 a multiple of 3197?
False
Is 22622970 a multiple of 14?
False
Does 67 divide 122669697?
True
Does 55 divide 312402799?
False
Does 246 divide 8578498?
False
Is 398484689 a multiple of 73?
False
Is 12845956 a multiple of 74?
True
Does 150 divide 272510744?
False
Is 73 a factor of 493185296?
False
Does 195 divide 3001865595?
False
Does 243 divide 551500004?
False
Is 33 a factor of 145840827?
True
Does 1810 divide 5582248?
False
Is 3444169131 a multiple of 28?
False
Is 1126 a factor of 161703385?
False
Does 505 divide 102246340?
True
Is 68 a factor of 21672303?
False
Is 10 a factor of 20404230?
True
Is 594 a factor of 59461182?
True
Does 151 divide 37815295?
False
Is 290 a factor of 2992220?
True
Is 567 a factor of 914009135?
False
Is 250298024 a multiple of 126?
False
Is 250 a factor of 37475108?
False
Is 128602011 a multiple of 32?
False
Does 7 divide 74242273?
True
Is 53157266 a multiple of 17?
True
Is 2089 a factor of 54813271?
True
Is 4 a factor of 56810570?
False
Is 10 a factor of 17429385?
False
Does 109 divide 333391651?
True
Is 523 a factor of 562540813?
False
Is 50 a factor of 1330676200?
True
Does 4632 divide 38019456?
True
Is 115516662 a multiple of 51?
False
Is 35114380 a multiple of 2?
True
Does 86 divide 4768786?
True
Is 4567 a factor of 283629483?
False
Does 442 divide 2477354727?
False
Does 533 divide 69218918?
False
Does 8 divide 70439592?
True
Is 24 a factor of 495624864?
True
Is 30 a factor of 2715060?
True
Does 19 divide 16156023?
True
Is 131423052 a multiple of 334?
False
Does 226 divide 365466408?
True
Is 36 a factor of 46729512?
True
Is 286032029 a multiple of 2026?
False
Is 755027329 a multiple of 93?
False
Does 9 divide 689953569?
False
Does 42 divide 1833216?
True
Is 323276276 a multiple of 293?
True
Is 26901398 a multiple of 453?
False
Does 14 divide 965762784?
True
Is 15182802 a multiple of 102?
True
Is 62345074 a multiple of 802?
True
Is 2009709833 a multiple of 6953?
False
Is 1151 a factor of 165132819?
True
Is 39 a factor of 1600321777?
False
Is 203 a factor of 192336886?
False
Is 5 a factor of 5505473?
False
Is 585849 a multiple of 33?
True
Is 15650114 a multiple of 46?
False
Is 12 a factor of 109631650?
False
Is 1611 a factor of 418721454?
True
Is 580 a factor of 47155160?
True
Is 14 a factor of 1244658022?
False
Is 80 a factor of 1328045200?
True
Is 1015 a factor of 4821033171?
False
Is 176764500 a multiple of 396?
True
Does 658 divide 378019858?
False
Is 93992031 a multiple of 17?
True
Does 945 divide 166085684?
False
Is 3 a factor of 76934289?
True
Does 253 divide 345827977?
True
Does 25 divide 12171875?
True
Does 1372 divide 384161346?
False
Is 358611033 a multiple of 1299?
True
Is 27 a factor of 3862200459?
False
Is 35 a factor of 865877?
False
Does 2252 divide 1290412226?
False
Is 1159 a factor of 183714249?
True
Does 192 divide 86271014?
False
Is 2 a factor of 456689691?
False
Does 167 divide 439115645?
True
Is 277592313 a multiple of 2369?
True
Is 4192985 a multiple of 76?
False
Is 543242061 a multiple of 147?
False
Is 4584 a factor of 209901585?
False
Is 17 a factor of 62468693?
True
Is 3732225 a multiple of 63?
False
Is 51 a factor of 1070988710?
False
Is 35172240 a multiple of 15?
True
Is 33995598 a multiple of 741?
True
Is 76996715 a multiple of 62?
False
Does 6006 divide 267381114?
True
Is 201180659 a multiple of 35?
False
Is 1013154648 a multiple of 8637?
True
Is 42883750 a multiple of 